the remainder when 145 is divided by 38.
31
Calculate the remainder when 2248 is divided by 22.
4
Calculate the remainder when 126 is divided by 22.
16
Calculate the remainder when 2662 is divided by 8.
6
Calculate the remainder when 843 is divided by 111.
66
Calculate the remainder when 173 is divided by 53.
14
What is the remainder when 1711 is divided by 95?
1
What is the remainder when 104 is divided by 28?
20
Calculate the remainder when 727 is divided by 180.
7
What is the remainder when 573 is divided by 32?
29
What is the remainder when 190 is divided by 13?
8
Calculate the remainder when 207 is divided by 14.
11
What is the remainder when 80133 is divided by 11?
9
What is the remainder when 5461 is divided by 23?
10
What is the remainder when 958 is divided by 30?
28
Calculate the remainder when 142 is divided by 13.
12
What is the remainder when 1270 is divided by 1266?
4
Calculate the remainder when 472 is divided by 122.
106
Calculate the remainder when 15502 is divided by 114.
112
Calculate the remainder when 724 is divided by 52.
48
What is the remainder when 128 is divided by 34?
26
What is the remainder when 6623 is divided by 16?
15
What is the remainder when 1603 is divided by 401?
400
What is the remainder when 35 is divided by 17?
1
What is the remainder when 89 is divided by 2?
1
What is the remainder when 173 is divided by 58?
57
Calculate the remainder when 103 is divided by 16.
7
Calculate the remainder when 2161 is divided by 25.
11
What is the remainder when 753 is divided by 432?
321
Calculate the remainder when 178 is divided by 20.
18
Calculate the remainder when 1444 is divided by 44.
36
What is the remainder when 89 is divided by 45?
44
What is the remainder when 339 is divided by 172?
167
What is the remainder when 5165 is divided by 304?
301
What is the remainder when 89 is divided by 7?
5
Calculate the remainder when 1441 is divided by 160.
1
What is the remainder when 1539 is divided by 4?
3
What is the remainder when 234 is divided by 17?
13
Calculate the remainder when 4726 is divided by 48.
22
Calculate the remainder when 1146 is divided by 371.
33
What is the remainder when 656 is divided by 20?
16
Calculate the remainder when 214 is divided by 202.
12
What is the remainder when 2069 is divided by 28?
25
Calculate the remainder when 1212 is divided by 42.
36
Calculate the remainder when 1376 is divided by 12.
8
What is the remainder when 4778 is divided by 954?
8
What is the remainder when 983 is divided by 5?
3
What is the remainder when 168 is divided by 44?
36
Calculate the remainder when 47 is divided by 25.
22
What is the remainder when 213 is divided by 112?
101
What is the remainder when 919 is divided by 136?
103
Calculate the remainder when 113 is divided by 29.
26
What is the remainder when 1960 is divided by 15?
10
What is the remainder when 789 is divided by 24?
21
What is the remainder when 73 is divided by 47?
26
Calculate the remainder when 141 is divided by 50.
41
What is the remainder when 415 is divided by 24?
7
What is the remainder when 362 is divided by 26?
24
What is the remainder when 273 is divided by 75?
48
What is the remainder when 125 is divided by 28?
13
What is the remainder when 577 is divided by 269?
39
Calculate the remainder when 119 is divided by 43.
33
What is the remainder when 78 is divided by 45?
33
What is the remainder when 422 is divided by 141?
140
What is the remainder when 294 is divided by 15?
9
Calculate the remainder when 247 is divided by 163.
84
Calculate the remainder when 501 is divided by 22.
17
Calculate the remainder when 414 is divided by 84.
78
Calculate the remainder when 133 is divided by 40.
13
What is the remainder when 1371 is divided by 191?
34
Calculate the remainder when 285 is divided by 26.
25
Calculate the remainder when 270 is divided by 11.
6
What is the remainder when 348 is divided by 250?
98
What is the remainder when 642 is divided by 103?
24
Calculate the remainder when 617 is divided by 610.
7
What is the remainder when 701 is divided by 21?
8
What is the remainder when 3998 is divided by 10?
8
Calculate the remainder when 936 is divided by 133.
5
What is the remainder when 2202 is divided by 19?
17
Calculate the remainder when 391 is divided by 14.
13
What is the remainder when 133 is divided by 37?
22
Calculate the remainder when 900 is divided by 113.
109
Calculate the remainder when 1468 is divided by 16.
12
Calculate the remainder when 16113 is divided by 12.
9
Calculate the remainder when 78 is divided by 37.
4
Calculate the remainder when 2096 is divided by 679.
59
What is the remainder when 17 is divided by 12?
5
Calculate the remainder when 21051 is divided by 29.
26
What is the remainder when 948 is divided by 188?
8
Calculate the remainder when 1050 is divided by 13.
10
What is the remainder when 460 is divided by 8?
4
Calculate the remainder when 5113 is divided by 155.
153
What is the remainder when 32 is divided by 17?
15
What is the remainder when 203 is divided by 46?
19
Calculate the remainder when 2146 is divided by 215.
211
Calculate the remainder when 67 is divided by 18.
13
Calculate the remainder when 630 is divided by 49.
42
What is the remainder when 1388 is divided by 12?
8
What is the remainder when 146 is divided by 86?
60
What is the remainder when 332 is divided by 37?
36
What is the remainder when 124 is divided by 22?
14
What is the remainder when 22 is divided by 11?
0
Calculate the remainder when 15226 is divided by 162.
160
Calculate the remainder when 53 is divided by 6.
5
What is the remainder when 172 is divided by 36?
28
What is the remainder when 484 is divided by 49?
43
Calculate the remainder when 399 is divided by 245.
154
Calculate the remainder when 1166 is divided by 16.
14
Calculate the remainder when 29987 is divided by 18.
17
What is the remainder when 241 is divided by 31?
24
What is the remainder when 67 is divided by 14?
11
What is the remainder when 612 is divided by 162?
126
Calculate the remainder when 1286 is divided by 7.
5
What is the remainder when 159 is divided by 36?
15
Calculate the remainder when 1328 is divided by 8.
0
Calculate the remainder when 6140 is divided by 198.
2
What is the remainder when 360 is divided by 150?
60
Calculate the remainder when 13453 is divided by 434.
433
Calculate the remainder when 188 is divided by 19.
17
What is the remainder when 717 is divided by 180?
177
What is the remainder when 384 is divided by 184?
16
Calculate the remainder when 183 is divided by 42.
15
What is the remainder when 636 is divided by 152?
28
What is the remainder when 715 is divided by 353?
9
What is the remainder when 1007 is divided by 170?
157
What is the remainder when 25 is divided by 13?
12
Calculate the remainder when 7838 is divided by 14.
12
What is the remainder when 533 is divided by 128?
21
Calculate the remainder when 126 is divided by 32.
30
Calculate the remainder when 113 is divided by 31.
20
What is the remainder when 3447 is divided by 46?
43
Calculate the remainder when 224 is divided by 46.
40
Calculate the remainder when 864 is divided by 145.
139
Calculate the remainder when 161 is divided by 18.
17
Calculate the remainder when 105 is divided by 34.
3
What is the remainder when 61 is divided by 9?
7
Calculate the remainder when 972 is divided by 20.
12
What is the remainder when 376 is divided by 21?
19
What is the remainder when 23359 is divided by 40?
39
What is the remainder when 469 is divided by 69?
55
What is the remainder when 1874 is divided by 317?
289
What is the remainder when 2960 is divided by 114?
110
What is the remainder when 1400 is divided by 54?
50
What is the remainder when 50 is divided by 29?
21
What is the remainder when 9394 is divided by 174?
172
Calculate the remainder when 2214 is divided by 175.
114
Calculate the remainder when 1004 is divided by 63.
59
Calculate the remainder when 3422 is divided by 15.
2
Calculate the remainder when 7094 is divided by 33.
32
What is the remainder when 77 is divided by 13?
12
What is the remainder when 107 is divided by 19?
12
What is the remainder when 1388 is divided by 45?
38
Calculate the remainder when 428 is divided by 54.
50
Calculate the remainder when 225 is divided b